. Give t(8).
12
Let p(g) be the second derivative of g**4/12 - 2*g**2 + 92*g. What is p(-3)?
5
Let q be (6/(-9))/((-3)/18). Let b(z) be the second derivative of -z**5/20 + z**4/3 - z**3/6 + 2*z**2 - z - 37. What is b(q)?
0
Let p(s) be the first derivative of -s**6/120 - 3*s**5/20 + s**4/2 + 7*s**3/3 + 3*s**2/2 - 7. Let j(t) be the second derivative of p(t). Give j(-10).
-6
Let h(d) = d**2 - 10*d + 19. Let l = 272 + -264. Determine h(l).
3
Let g(x) = -x**2 - 1. Suppose 36 - 8 = -7*f. Give g(f).
-17
Let j be 10/4*(-6)/(-5). Suppose -2*i + i = j*b + 13, -b - 2*i = 6. Let c(l) = -5*l**2 - 2*l + 2 - 119*l**3 + 2*l**3 - 2 + 116*l**3. Give c(b).
-8
Suppose 23 - 11 = 4*h. Let s(w) = -4*w + 1 - h*w - 2*w + 8*w. What is s(1)?
0
Let y(j) = -j - 4. Suppose 0 = b - 10*b + 504. Let o = b + -61. Calculate y(o).
1
Let f be (13 - 9) + -1 + -2. Let t be 0 - f/((-2 + 0)/2). Let h(a) = 4*a**3 + a. Give h(t).
5
Let n be 6/2 - (-4 - -1). Let i(l) = 2*l - 2. Let o(t) = -1. Let m(x) = 2*i(x) - 10*o(x). Let y(u) = u + 1. Let q(a) = m(a) - 5*y(a). Calculate q(n).
-5
Let z(l) be the first derivative of l**4/3 - l**3/2 + l**2/2 + 4*l + 13. Let k(h) be the first derivative of z(h). Calculate k(2).
11
Let h be (7 - 5)*(3 - 2). Suppose 3*y + 4*b + 27 = 0, -6*y + 2*b = -h*y + 14. Let u(r) = r**2 + 2*r - 4. Give u(y).
11
Let x(v) be the second derivative of -v**5/20 + v**4/2 - 2*v**3/3 - 7*v**2/2 + v + 3. What is x(5)?
-2
Let x be (-1 + -2)*1/(-1). Let g(z) = -4*z**2 + 11*z**2 + 4*z**3 - 3*z**x + 9 - 10. Give g(-7).
-1
Let d(m) = -2*m - 4. Let c(w) = -w**2 + 45*w + 255. Let v be c(-5). Calculate d(v).
-14
Let i be 0 - 0/(1/((-2)/4)). Suppose i = -2*o + 2*s + 10, -4*o + 22 = 5*s - 16. Let r(m) = -m + 3. What is r(o)?
-4
Let m(g) = -4*g - 1 - g**2 + 4*g + 7*g + 5*g - 5*g. What is m(7)?
-1
Suppose -4*u = -4 + 32. Let r(t) be the third derivative of -t**5/60 - 3*t**4/8 - t**3/6 - 5*t**2. Let h(o) be the first derivative of r(o). Give h(u).
5
Let q(b) be the second derivative of 1/6*b**3 + 0 - 15*b + 4*b**2. Calculate q(-6).
2
Let w(y) = y**2 + 12*y - 206. Let n be w(-22). Let a(k) = -k**3 + 15*k**2 - 15*k + 18. What is a(n)?
4
Let y(z) = z**2 - z - 1. Let g be y(0). Suppose 2*f + 1 = 2*u + 7, 5*f - 25 = 0. Let a(m) = -m - 5*m**2 + 0 + u*m**2 + 7*m**2 - 1. Determine a(g).
4
Let w(f) = 21*f**3 + 4*f**2 - 2*f + 3*f + 2 + 5*f**2 - 22*f**3 - 8*f. Calculate w(8).
10
Let d(c) = -11*c + 6*c - 9*c + 36 - 2 + 12*c**2 - c**3. Give d(11).
1
Let i = -67 + 67. Let l(z) = -z + 4. Let d(b) = b - 4. Let m(u) = 4*d(u) + 5*l(u). Give m(i).
4
Let j(i) be the third derivative of -3*i**4/8 - i**3/2 + 90*i**2. Let u(z) = 7*z + 4. Let l be u(-1). Give j(l).
24
Let v(i) = -3*i + 4. Suppose 4*s = 0, 26 = -4*j - 2*s + 110. Suppose -y + 8*y - j = 0. Calculate v(y).
-5
Let b(m) = 2*m**3 - m**2 + 1. Suppose -5*o = 5*g + 8 + 27, -5*g + o = 5. Calculate b(g).
-19
Let u be -1*(-6)/2 - -1. Let k be (u/8)/((-3)/(-30)). Suppose 0 = k*y - 3*y - 10. Let q(i) = i**2 - 2*i - 4. Calculate q(y).
11
Let x = 79 + -73. Let g(c) = -3*c**3 + 11*c**2 + 7*c - 7. Let f(p) = 2*p**3 - 7*p**2 - 5*p + 5. Let z(w) = 7*f(w) + 5*g(w). Calculate z(x).
0
Let y(r) = 2 - r**2 + 5*r + 4 + 13. Let o be y(7). Let b(m) = -m**3 + 7*m**2 - 8*m + 6. Calculate b(o).
16
Suppose 0 = 14*g - 11*g - 9. Let r(b) = 11 - b**3 + b**2 - 5*b**g + 5*b**3 - 5. Let i(a) = a**3 + 3*a**2 + a - 2. Let f be i(-2). What is r(f)?
6
Let l(u) = -11356*u + u**2 + 5 - 11366*u + 22715*u. Give l(4).
-7
Suppose 0 = 5*p - 5*a - 10, 4*p - 19 = -3*a + 17. Suppose -7 + 13 = 3*g. Let v(r) = g - 2 - 9 - r**2 + 6 + 6*r. Determine v(p).
-3
Let c(b) = b**3 - 2*b**2 + 3*b - 1. Let r = 28 + -11. Suppose d + 15 = r. Give c(d).
5
Let k be (4/10)/(1/5). Let v(s) = 1 - 2*s**3 - 56*s + 171*s - 114*s + 2*s**2. Calculate v(k).
-5
Suppose l + 8 = 3*d - 0, 2*l + 10 = 4*d. Suppose -2*c + l = -5. Let t(s) = -2*s + s**c + s + 3*s**2 - 2*s**3. Determine t(2).
2
Let x(s) be the third derivative of -5*s**4/24 + 5*s**3 + 5*s**2 + 58*s. Give x(7).
-5
Suppose -7*n + 3*n + 20 = 0. Suppose x - 90 = n*x - 2*t, -4*x + t = 87. Let m be x/(-63) - 32/6. Let g(o) = -o**2 - 5*o + 2. Calculate g(m).
2
Let x = -256 - -513/2. Let o(l) be the second derivative of l + 0 + x*l**2 + 1/6*l**3. Calculate o(5).
6
Let n(m) = 1. Let c = 63 + -64. Let a(s) be the second derivative of -s**4/12 + 2*s**3/3 + 2*s**2 - 2*s. Let k(f) = c*a(f) + n(f). Calculate k(4).
-3
Let f(d) = -2*d + 2. Let y = -40 - -20. Let i be (-1)/5 + (-4)/y. Suppose i = n + 2. Determine f(n).
6
Let t(z) = z**2 + 8*z. Suppose -2*u + 15 = -g, -2*g = 3*u - 4*g - 25. Let i = u + -2. Suppose -i*n + 4 = 25. Calculate t(n).
-7
Let z(t) = -t**3 - 4*t**2 - 4*t - 5. Suppose 0 = -2*i + 3*i - 5*v - 4, 2*v - 16 = -4*i. Let b(l) = -l**2 + 4*l - 4. Let c be b(i). What is z(c)?
11
Let m(t) = t**2 - 5*t - 8. Let r(j) = -2*j**2 + 13*j + 218. Let k be r(14). Calculate m(k).
16
Suppose -20 = -0*h - 4*h. Let g(u) = -8*u**3 - 6*u**2 + 4*u + 1. Let l(k) = -7*k**3 - 5*k**2 + 3*k + 1. Let v(m) = h*l(m) - 4*g(m). Give v(-2).
23
Let b(a) be the third derivative of a**7/5040 + a**6/180 - a**5/5 - 31*a**2. Let k(o) be the third derivative of b(o). Determine k(-5).
-1
Let n(z) be the third derivative of -z**6/120 - z**5/60 - z**4/6 + z**3 + 180*z**2 - 3. Calculate n(0).
6
Let x(z) = 12 - z**3 + 22*z**2 - 28 + 2*z + 6 - 36. Give x(22).
-2
Let g(k) = -3*k**3 + 146*k**2 + 48*k + 55. Let t be g(49). Let b(p) = -3*p - 5*p + 2 + 7*p + p**3 - 6*p**2. What is b(t)?
-4
Let t(f) = f**3 + f**2 - 1. Let y be (-6)/(-7) + 6/(-7). Determine t(y).
-1
Let k(t) = -2*t. Let z(o) = 3*o**2 + 6*o - 4. Let d(w) = 4*k(w) + z(w). Calculate d(2).
4
Suppose -2*h - 2 = -0*h. Let w be 1*(h - (2 + -2)). Let x(m) be the third derivative of m**5/6 + m**2. Give x(w).
10
Let h(g) = -6*g - 12. Let n be 235/(-15) - -8 - 2/6. Give h(n).
36
Let c(s) = -3 + 7*s - 9*s - 9 + 3. Calculate c(6).
-21
Let q = 8 + -8. Let t(k) be the first derivative of -k**4/4 + k**2/2 - 3*k - 176. Give t(q).
-3
Let g = 14 + -12. Let p(l) = 9*l - 6. Let m be p(g). Let q(x) = 1 - 2*x - 2 - 2 + m*x**2 + 2. Determine q(-1).
13
Let u(i) = -3*i + 3. Let w(o) = o**3 - 5*o**2 - 7*o + 2. Suppose 2*h - 27 = 3*x, h + 3*x = -2*x - 19. Let d be w(h). Let y be (d/(-4) - 3) + -1. What is u(y)?
12
Let z(c) = -c + 8. Let f be z(6). Let t be -2 - (3 + -1 - 6). Let j(y) = y - t*y + f*y - 6*y. Give j(2).
-10
Let o(g) = 3*g**3 - 9*g**2 - 3*g + 10. Let z(l) = -10*l**3 + 28*l**2 + 9*l - 30. Let f(k) = 7*o(k) + 2*z(k). What is f(7)?
-11
Suppose -5*k + 7*f - 2*f = 0, 2*f - 3 = -k. Let h be (32/6*k)/(6/9). Let n(j) = 6*j - j - 4*j - 5. Calculate n(h).
3
Let j(v) = -2*v**3 + 18*v**2 + 22. Let u(k) = k**3 - 10*k**2 - 11. Let t(p) = -6*j(p) - 11*u(p). What is t(0)?
-11
Let k be (-1)/(2/20*-2). Suppose -2*z - 3*o + 4 = k, -3*z - 5*o = 0. Let j be 15/(-25) + (-3)/z. Let a(p) = p**2 - p - 3. Give a(j).
-3
Let r(p) = -p**2 - 10*p - 13. Let o be r(-8). Let x(d) = -34*d**2 - 3*d - 3 + 62*d**2 - 33*d**2 - d**o. Give x(-2).
-9
Let c(n) be the first derivative of -n**2/2 - 7*n - 34. Determine c(-8).
1
Let x(u) = -u**2 - u. Let t be x(-1). Let l(s) be the third derivative of s**4/24 - 7*s**3/6 - 920*s**2 + 2*s + 2. Determine l(t).
-7
Let f(w) = -w**3 - 12*w**2 + 29*w + 12. Suppose -3*b + 84 = -6*j, 8*b - 7*b = 0. Give f(j).
-2
Let s(b) = -21*b**2 - 5*b + 6. Let t(f) = -7*f**2 - 2*f + 2. Let q(h) = -4*s(h) + 11*t(h). Calculate q(2).
22
Let a be (1*-1*2)/(811 + -812). Let u(r) be the first derivative of 1/2*r**a - 10*r - 1/3*r**3 + 14. Calculate u(0).
-10
Let k = 528 - 541. Let s(l) = -l**2 - 13*l - 6. What is s(k)?
-6
Let c(k) be the third derivative of 0 + 18*k**2 - 1/3*k**3 + 1/8*k**4 + 0*k + 1/120*k**6 - 1/30*k**5. Calculate c(2).
4
Let l(f) = 2*f + 4. Let q(v) = 4*v + 8. Suppose 0 = -3*w - 0*w - 3*g + 15, g + 5 = w. Let r(x) = w*l(x) - 3*q(x). Determine r(-5).
6
Let a(x) = -5*x. Let p be 13*(4/1 + -5). Let b = -9 - p. Calculate a(b).
-20
Let s(j) = j**3 - 6*j**2 + 4*j. Suppose -q - 2*b = -1, -q - 2*q = 2*b - 7. Let c(w) = 5*w + 3*w - 7 - 5*w + 3. Let p be c(q). What is s(p)?
-5
Suppose 2*s - 4*r + 40 - 14 = 0, -3*s = -3*r + 24. Let o(p) = -3*p + 9. Let k be o(0). Let x(v) = 2 - v - k + 3. Calculate x(s).
-1
Let r(b) = -5*b - 16. Let t(p) = -22*p - 641. Let g be t(-29). What